) + 0
-2
What is the value of -4 + -7 + 10 - (0 + -2)?
1
What is 21 - (12 - 14) - 14?
9
Evaluate (19 - 18) + 1 + -3 + -1.
-2
What is (3 - (3 - (5 - -2))) + -1?
6
What is -1 + -6 - (-11 - (0 - 0))?
4
What is (4 - -1) + -5 + -4 + 6?
2
Calculate (0 - (-9 + -1)) + (-62 - -60).
8
Evaluate (-5 - -2) + 1 + 12 + -8.
2
Calculate (-2 - (-4 + 0 - 0)) + -1.
1
Calculate 4 + -18 - (-2 - 6).
-6
Evaluate -5 - (6 + -3 - (2 - -2)).
-4
5 + -7 + (-5 - -6)
-1
Evaluate (-7 - -13 - 2) + -7.
-3
What is -3 - (-14 - (1 + -4) - -3)?
5
Calculate 4 + 1 + 4 + -5 + -4.
0
What is the value of 1 + -5 + -1 - -4?
-1
5 - (6 + 0 - 5 - 1)
5
Calculate 8 - (5 + (3 - 3)).
3
Evaluate -2 - 1 - (2 + 0 + -10).
5
Evaluate 26 - 22 - (2 + 3).
-1
What is -2 + 1 + -10 + 10 + 2?
1
What is the value of 2 + (6 - 2 - 11 - -7)?
2
Calculate (-6 - -2) + -10 + 18.
4
What is the value of (7 - 5) + (-1 - 4)?
-3
15 + -8 + 2 + -2
7
Calculate -93 - -89 - (1 + -4 - 2).
1
What is (7 + -12 - -7) + -8?
-6
Evaluate 1 - (-6 + -2 + 12).
-3
What is 6 + 18 - (-14 + 27)?
11
-1 + -5 + 2 - (-5 - -1)
0
Evaluate (-4 - -2) + (-5 - -2).
-5
What is 9 + -6 + -6 + -1 + 1?
-3
(-11 - -4) + 6 + -3
-4
Calculate -13 - -16 - (8 - 0).
-5
What is the value of -4 - 1 - (-3 + 10 + -4)?
-8
Evaluate 0 - (6 - 2 - (-1 - -8)).
3
Calculate 5 + (-12 - 5) - -14.
2
What is the value of 1 - -1 - ((3 - 3) + 3)?
-1
-4 + 2 + -2 + (2 - -1)
-1
-3 + -1 + (3 - -4 - -1)
4
7 + (-13 - -8) - 8
-6
Calculate 4 + -3 + 1 + (-5 - -3).
0
What is -4 + (8 - 6) - (2 + 1)?
-5
What is 2 + 3 - (-16 - -24)?
-3
What is 6 + 1 + 2 + -6?
3
What is -4 - (-3 - 5) - 6?
-2
Evaluate -6 + 0 - 0 - (-5 - -1).
-2
Calculate (-9 - -6 - -18) + -5.
10
Calculate -4 + 0 + (-4 - -7).
-1
What is the value of 306 + -312 + 0 + (13 - 1)?
6
What is -2 - ((-8 - 6) + 7) - 3?
2
Calculate 0 + 0 + 3 - (3 + -5).
5
4 - (-5 - (1 - 5))
5
What is (-1 + 3 - 1) + -14 + 13?
0
What is the value of 4 - (4 - (1 - -4) - 0)?
5
What is -6 + (0 - -7) - 7?
-6
Evaluate 13 + (-13 - -9 - 4).
5
Calculate -3 + 1 + (2 - -2).
2
Evaluate 1 - (-4 - -5 - 5).
5
4 - (24 - 7 - 7)
-6
What is -10 + (12 - 6 - 1)?
-5
Calculate -3 - ((2 - 3) + -3) - 2.
-1
What is the value of 1 - -8 - (25 + -20)?
4
-5 + (9 - 2 - (-7 - -13))
-4
Evaluate (-4 - (-3 - -3)) + -2 - -1.
-5
-3 - (-10 - (0 + -1 + -4))
2
What is the value of 3 - (0 - -4 - (2 - 3))?
-2
0 + 4 - 5 - (-2 - -4)
-3
Calculate 3 - 2 - 3 - 2 - -3.
-1
3 + 0 - (2 + 1 + 0)
0
Calculate -3 + 8 + 1 + -3.
3
What is the value of (0 - 5 - (12 + -13)) + -2?
-6
Calculate -2 + 2 + -2 + 7.
5
-4 - (4 - 5 - 6) - 5
-2
What is the value of 0 + -1 + 2 + -1 - -5?
5
2 - 0 - 5 - (33 - 31)
-5
What is 4 + (2 - 0) + -4?
2
Evaluate -4 + -2 + 12 + -4.
2
Calculate -12 + (32 - 8) + -12.
0
Calculate -8 + (8 + -12 + 7 - 4).
-9
What is the value of 8 - 4 - (4 - -4)?
-4
What is the value of -1 + (-2 - (3 + -5))?
-1
4 + 1 + -1 - 5 - -1
0
What is the value of 7 + -12 - (1 + 0)?
-6
0 - (-4 - (4 + -4)) - 1
3
-1 + -11 - (7 + -4 + -8)
-7
Calculate (7 + -1 - 3) + -4 + 1.
0
-2 - 0 - -1 - (12 - 9)
-4
Calculate -2 - -1 - (-3 - -4).
-2
What is the value of 3 + 0 + -6 - 1?
-4
Calculate -6 - (7 + -4 + -3).
-6
Evaluate -5 + 2 + (-3 - -2).
-4
Evaluate (-15 - -6) + -3 + 6.
-6
What is 12 - (4 + (5 + 3 - 5))?
5
What is 1 + -5 + 9 + 0?
5
5 + (-23 - -7 - -4)
-7
Evaluate 0 + 4 + 1 + -1.
4
What is (-6 - 2) + 6 + -17 + 14?
-5
Evaluate -5 + 3 - (-7 + 3).
2
What is the value of -7 + 4 - (-3 + (0 - -2))?
-2
(5 - 12) + 3 + -1
-5
Calculate (-2 - (-4 - -2)) + 3.
3
What is -1 + (0 - 0) + 2?
1
Evaluate 4 - 11 - (-6 - (-3 + -1)).
-5
(-8 - (9 - 14)) + 7
4
What is (-2 - -2 - 4) + -1 + 7?
2
Calculate 12 + (1 - 0) + (111 - 114).
10
What is -1 + 10 + -4 + (-1 - 2)?
2
What is 0 + -8 + (7 - (3 - 1))?
-3
Calculate 1 - (-12 - -9) - 11.
-7
What is 0 + 11 + (-15 - 3)?
-7
11 + -12 + (3 - 0)
2
Evaluate 2 + -6 - (-9 - 5).
10
-5 - -5 - (-6 + (3 - 2))
5
-11 + -3 + 6 + 15
7
What is the value of 0 - ((-1 - 0) + (-2 - -3))?
0
What is 10 + 0 + -3 + 0 + -4?
3
1 + (1 - 0) + (9 - 10)
1
Evaluate -4 + (4 - (1 + 0)) + 1.
0
4 + 1 + -1 + -10 - -11
5
Evaluate (16 - 23) + 12 - (-1 - 5).
11
What is the value of -33 + 14 - (-2 - 9)?
-8
Calculate -6 - (6 - (13 + -6) - -4).
-9
(3 - 1) + (12 - 15)
-1
Evaluate 4 - (1 + 8 + (-21 - -14)).
2
What is 0 + -1 + 0 + -5 + 2?
-4
Evaluate 3 - -5 - 1 - (-2 + 4).
5
Calculate -6 - -4 - (-2 - -1).
-1
Evaluate -3 - (-3 + (3 - 0)).
-3
What is the value of 8 + (6 + (1 - 5) - 6)?
4
What is the value of (-9 - -4) + (-2 - -2) + 2?
-3
Evaluate -6 + 4 - (0 + 2).
-4
Evaluate -4 + 5 + 10 + -8.
3
Evaluate 9 - (4 - (-3 - 4)).
-2
What is the value of 11 + -10 + -2 + 1?
0
Evaluate -2 - (-3 + 1 + 7 - 9).
2
Calculate 19 + -29 + (13 - -7).
10
Evaluate -6 + 3 - (1 - 0) - -1.
-3
Calculate -5 - ((-5 - (0 + -13)) + -8).
-5
-8 + 5 + (-1 - -2) + 6
4
What is the value of -5 - (2 - 1) - (-17 - -17)?
-6
What is 0 - ((-1 - 0) + 1) - 1?
-1
What is the value of 11 + -21 + -2 + 11?
-1
Calculate 9 - (5 - (7 + 1)) - 6.
6
-3 - ((-9 - -21) + -7)
-8
What is the value of 3 - (-1 + 10) - -4?
-2
(7 - (0 - -3)) + -2 + -7
-5
Calculate -6 - (10 - (7 + 6)).
-3
What is 21 + -1 + -7 - (6 - 2)?
9
What is the value of (-5 - (-1 + -16)) + -6?
6
What is 9 - (11 - (-4 + 3))?
-3
What is 1 + 2 + -5 + 5 + -3?
0
Calculate 6 - (1 + -2 + -2 + 15).
-6
1 - 4 - (-11 + 6)
2
Evaluate (2 - -1 - (21 + -11)) + 2.
-5
What is 6 - (-6 - -2 - -15 - 2)?
-3
-6 + -1 + 14 + -12
-5
What is the value of -5 + 5 - (2 - 3)?
1
What is the value of ((5 - 8) + -1 - -2) + 9?
7
-2 + 7 + -8 - -10
7
What is 8 - 0 - 0 - (-198 + 202)?
4
What is 2 + -7 + 2 + -2 + 5?
0
What is (11 + -9 - (-2 + 0)) + 1?
5
What is the value of 16 + -19 - (-3 - -5)?
-5
What is the value of 5 + -2 + 2 + -5?
0
Evaluate 4 + -4 + (0 - -1).
1
What is (6 - 3) + (0 - 4) + 1?
0
Calculate 2 - (6 - 10) - 0.
6
Calculate 1 - -4 - (-15 - (-13 + -8)).
-1
Evaluate 2 + (2 - 4 - -2).
2
-3 - (-6 + -1) - 1
3
What is the value of (-3 + 2 - (-21 - -19)) + 0?
1
What is (-10 - -3) + 6 + 1?
0
What is (11 - (-2 + 8 + -8)) + -6?
7
What is the value of -3 + (-1 - (-4 - (1 + -2)))?
-1
Evaluate 7 - (18 - -3 - 9).
-5
What is -15 + 19 - (4 + 1 + 0)?
-1
What is -1 + 5 + (-9 - (-15 - -6))?
4
What is (78 - 80) + 7 + -3 + 2?
4
0 + 0 + (5 - 4)
1
What is 1 + -2 + -8 - (2 - 0)?
-11
Calculate -2 + -5 + (12 + -5 - 4).
-4
(-11 - (-8 + (7 - 3))) + 4
-3
Evaluate (4 - (7 - 1)) + -4 + 4.
-2
What is -4 + 3 + -2 + 8 + -1?
4
What is the value of -1 - 1 - (94 + -99) - 1?
2
What is 13 + 11 + -8 + -7?
9
What is -1 - (-5 + (7 - 4))?
1
Evaluate 3 + 2 + -1 + -6.
-2
What is (-4 - -6) + 6 - 10?
-2
Calculate 1 + (-20 - -13) + 1.
-5
2 - (-1 - (2 + -4 + 2))
3
What is (-1 - 1) + 8 - 1?
5
Evaluate -2 - -7 - (-4 - -13).
-4
Evaluate 12 + -9 + 0 + -2.
1
What is (-4 - 0) + 6 + 5?
7
0 + -8 - ((-5 - 8) + 9)
-4
What is (-18 - -16) + (-1 - -1 - -1)?
-1
Evaluate -6 + 10 + -6 - -4 - 9.
-7
What is the value of (1 - (-3 - -7) - 0) + 3?
0
Calculate -2 + 2 - (-4 - -4).
0
What is 6 + (1 - (1 + 3)) + -3?
0
Evaluate 1 + -4 + 4 - 2.
-1
(0 - -3) + (2 - 5) + 1
1
Calculate -4 - (-13 - (-8 - -5)).
6
What is -9 - (4 - 16) - -4?
7
What is -2 + (4 - 0) + -5?
-3
What is 3 - (7 + (-7 - -3))?
0
What is the value of -4 - (-10 + 6 - (2 - -4))?
6
Evaluate -12 + 16 + (-2 - -1).
3
What is (4 - (1 + 0)) + 3 + -4?
2
-7 + 0 + (13 - 10)
-4
Evaluate -4 - 2 - (-9 - (-6 - -1)).
-2
10 - (12 - (4 - 1))
1
What is -2 + 0 + 4 + -5?
-3
Calculate 2 + -1 - -2 - (1 - -6).
-4
Calculate 3 - (-2 - -5) - -2.
2
Calculate 3 + (4 - 2) - (4 + 6).
-5
What is the value of 0 + -3 + 3 + 2 + 3?
5
What is the value of -6 + 0 - -5 - -4?
3
What is the value of (-4 - (-6 + 7)) + 4?
-1
Evaluate -2 + -3 - (-1 + -3).
-1
15 + -18 - (1 + -2) - 3
-5
What is the value of 6 + -18 + (12 - 0)?
0
1 + -16 + 7 - -6
-2
What is the value of -7 - (9 + -9 + -3)?
-4
4 + 0 + -2 - (6 + -2)
-2
What is (-10 - -6 - (1 - 3)) + 7?
5
What is 2 - ((0 - -3) + 0)?
-1
(9 - 3) + (0 - 1)
5
What is the value of 6 + 1 + -7 - -3?
3
(3 - -3) + (2 - 0 - 2)
6
Calculate -16 - -29 - (6 - 0) - 3.
4
What is 6 + -11 - (-1 + 0) - 0?
-4
Evaluate -13 + 16 - (2 - 1 - -4).
-2
Evaluate -1 + -4 + 32 + -27.
0
-1 + (-1 - (3 + -5))
0
Evaluate 0 + (0 - 3) + 3 + 3.
3
What is (-5 - -8 - -7) + -2?
8
What is 0 + 0 + -3 + 5 + 1?
3
Calculate -3 - ((-1 - 3) + -2) - 3.
0
5 + -6 + (5 - 8)
-4
-3 - (-10 + (3 - 5) + 3)
6
What is the